{"id":379,"date":"2024-01-03T18:13:32","date_gmt":"2024-01-03T17:13:32","guid":{"rendered":"https:\/\/ft-correction.fr\/?page_id=379"},"modified":"2024-12-13T18:18:30","modified_gmt":"2024-12-13T17:18:30","slug":"devis-gratuit","status":"publish","type":"page","link":"https:\/\/ft-correction.fr\/?page_id=379","title":{"rendered":"Devis gratuit"},"content":{"rendered":"<style>.kb-row-layout-id379_b844b3-b3 > .kt-row-column-wrap{align-content:start;}:where(.kb-row-layout-id379_b844b3-b3 > .kt-row-column-wrap) > .wp-block-kadence-column{justify-content:start;}.kb-row-layout-id379_b844b3-b3 > .kt-row-column-wrap{column-gap:var(--global-kb-gap-md, 2rem);row-gap:var(--global-kb-gap-md, 2rem);padding-bottom:var(--global-kb-spacing-sm, 1.5rem);grid-template-columns:minmax(0, 1fr);}.kb-row-layout-id379_b844b3-b3 > .kt-row-layout-overlay{opacity:0.30;}@media all and (max-width: 1024px){.kb-row-layout-id379_b844b3-b3 > .kt-row-column-wrap{grid-template-columns:minmax(0, 1fr);}}@media all and (max-width: 767px){.kb-row-layout-id379_b844b3-b3 > .kt-row-column-wrap{grid-template-columns:minmax(0, 1fr);}}<\/style><div class=\"kb-row-layout-wrap kb-row-layout-id379_b844b3-b3 alignnone has-theme-palette9-background-color kt-row-has-bg wp-block-kadence-rowlayout\"><div class=\"kt-row-column-wrap kt-has-2-columns kt-row-layout-row kt-tab-layout-inherit kt-mobile-layout-row kt-row-valign-top\">\n<style>.kadence-column379_2dde53-40 > .kt-inside-inner-col,.kadence-column379_2dde53-40 > .kt-inside-inner-col:before{border-top-left-radius:0px;border-top-right-radius:0px;border-bottom-right-radius:0px;border-bottom-left-radius:0px;}.kadence-column379_2dde53-40 > .kt-inside-inner-col{column-gap:var(--global-kb-gap-sm, 1rem);}.kadence-column379_2dde53-40 > .kt-inside-inner-col{flex-direction:column;}.kadence-column379_2dde53-40 > .kt-inside-inner-col > .aligncenter{width:100%;}.kadence-column379_2dde53-40 > .kt-inside-inner-col:before{opacity:0.3;}.kadence-column379_2dde53-40{position:relative;}@media all and (max-width: 1024px){.kadence-column379_2dde53-40 > .kt-inside-inner-col{flex-direction:column;justify-content:center;}}@media all and (max-width: 767px){.kadence-column379_2dde53-40 > .kt-inside-inner-col{flex-direction:column;justify-content:center;}}<\/style>\n<div class=\"wp-block-kadence-column kadence-column379_2dde53-40\"><div class=\"kt-inside-inner-col\"><style>.wp-block-kadence-advancedheading.kt-adv-heading379_95ec8c-ac, .wp-block-kadence-advancedheading.kt-adv-heading379_95ec8c-ac[data-kb-block=\"kb-adv-heading379_95ec8c-ac\"]{margin-top:0px;text-align:center;font-size:40px;font-weight:400;font-style:normal;font-family:'Noto Serif';}.wp-block-kadence-advancedheading.kt-adv-heading379_95ec8c-ac mark.kt-highlight, .wp-block-kadence-advancedheading.kt-adv-heading379_95ec8c-ac[data-kb-block=\"kb-adv-heading379_95ec8c-ac\"] mark.kt-highlight{font-style:normal;color:#f76a0c;-webkit-box-decoration-break:clone;box-decoration-break:clone;padding-top:0px;padding-right:0px;padding-bottom:0px;padding-left:0px;}<\/style>\n<h2 class=\"kt-adv-heading379_95ec8c-ac wp-block-kadence-advancedheading has-theme-palette-4-color has-text-color\" data-kb-block=\"kb-adv-heading379_95ec8c-ac\"><strong>Demande de devis<\/strong><\/h2>\n<\/div><\/div>\n\n\n<style>.kadence-column379_e57f64-51 > .kt-inside-inner-col,.kadence-column379_e57f64-51 > .kt-inside-inner-col:before{border-top-left-radius:0px;border-top-right-radius:0px;border-bottom-right-radius:0px;border-bottom-left-radius:0px;}.kadence-column379_e57f64-51 > .kt-inside-inner-col{column-gap:var(--global-kb-gap-sm, 1rem);}.kadence-column379_e57f64-51 > .kt-inside-inner-col{flex-direction:column;}.kadence-column379_e57f64-51 > .kt-inside-inner-col > .aligncenter{width:100%;}.kadence-column379_e57f64-51 > .kt-inside-inner-col:before{opacity:0.3;}.kadence-column379_e57f64-51{position:relative;}@media all and (max-width: 1024px){.kadence-column379_e57f64-51 > .kt-inside-inner-col{flex-direction:column;justify-content:center;}}@media all and (max-width: 767px){.kadence-column379_e57f64-51 > .kt-inside-inner-col{flex-direction:column;justify-content:center;}}<\/style>\n<div class=\"wp-block-kadence-column kadence-column379_e57f64-51\"><div class=\"kt-inside-inner-col\"><style>.kb-image379_a7d11d-ee.kb-image-is-ratio-size, .kb-image379_a7d11d-ee .kb-image-is-ratio-size{max-width:557px;width:100%;}.wp-block-kadence-column > .kt-inside-inner-col > .kb-image379_a7d11d-ee.kb-image-is-ratio-size, .wp-block-kadence-column > .kt-inside-inner-col > .kb-image379_a7d11d-ee .kb-image-is-ratio-size{align-self:unset;}.kb-image379_a7d11d-ee figure{max-width:557px;}.kb-image379_a7d11d-ee .image-is-svg, .kb-image379_a7d11d-ee .image-is-svg img{width:100%;}.kb-image379_a7d11d-ee .kb-image-has-overlay:after{opacity:0.3;}.kb-image379_a7d11d-ee img.kb-img, .kb-image379_a7d11d-ee .kb-img img{border-top-color:var(--global-palette4, #2D3748);border-top-style:solid;border-right-color:var(--global-palette4, #2D3748);border-right-style:solid;border-bottom-color:var(--global-palette4, #2D3748);border-bottom-style:solid;border-left-color:var(--global-palette4, #2D3748);border-left-style:solid;}@media all and (max-width: 1024px){.kb-image379_a7d11d-ee img.kb-img, .kb-image379_a7d11d-ee .kb-img img{border-top-color:var(--global-palette4, #2D3748);border-top-style:solid;border-right-color:var(--global-palette4, #2D3748);border-right-style:solid;border-bottom-color:var(--global-palette4, #2D3748);border-bottom-style:solid;border-left-color:var(--global-palette4, #2D3748);border-left-style:solid;}}@media all and (max-width: 767px){.kb-image379_a7d11d-ee img.kb-img, .kb-image379_a7d11d-ee .kb-img img{border-top-color:var(--global-palette4, #2D3748);border-top-style:solid;border-right-color:var(--global-palette4, #2D3748);border-right-style:solid;border-bottom-color:var(--global-palette4, #2D3748);border-bottom-style:solid;border-left-color:var(--global-palette4, #2D3748);border-left-style:solid;}}<\/style>\n<div class=\"wp-block-kadence-image kb-image379_a7d11d-ee\"><figure class=\"aligncenter size-large kb-image-is-ratio-size\"><div class=\"kb-is-ratio-image kb-image-ratio-land21\"><img loading=\"lazy\" decoding=\"async\" width=\"1024\" height=\"674\" src=\"http:\/\/ft-correction.fr\/wp-content\/uploads\/2024\/03\/Budget2-1-1024x674.png\" alt=\"\" class=\"kb-img wp-image-695\" srcset=\"https:\/\/ft-correction.fr\/wp-content\/uploads\/2024\/03\/Budget2-1-1024x674.png 1024w, https:\/\/ft-correction.fr\/wp-content\/uploads\/2024\/03\/Budget2-1-300x197.png 300w, https:\/\/ft-correction.fr\/wp-content\/uploads\/2024\/03\/Budget2-1-768x505.png 768w, https:\/\/ft-correction.fr\/wp-content\/uploads\/2024\/03\/Budget2-1-1536x1011.png 1536w, https:\/\/ft-correction.fr\/wp-content\/uploads\/2024\/03\/Budget2-1-2048x1347.png 2048w\" sizes=\"auto, (max-width: 1024px) 100vw, 1024px\" \/><\/div><\/figure><\/div>\n<\/div><\/div>\n\n<\/div><\/div>\n\n<style>.wp-block-kadence-advancedheading.kt-adv-heading379_68e039-6a, .wp-block-kadence-advancedheading.kt-adv-heading379_68e039-6a[data-kb-block=\"kb-adv-heading379_68e039-6a\"]{font-style:normal;}.wp-block-kadence-advancedheading.kt-adv-heading379_68e039-6a mark.kt-highlight, .wp-block-kadence-advancedheading.kt-adv-heading379_68e039-6a[data-kb-block=\"kb-adv-heading379_68e039-6a\"] mark.kt-highlight{font-style:normal;color:#f76a0c;-webkit-box-decoration-break:clone;box-decoration-break:clone;padding-top:0px;padding-right:0px;padding-bottom:0px;padding-left:0px;}<\/style>\n<h6 class=\"kt-adv-heading379_68e039-6a wp-block-kadence-advancedheading\" data-kb-block=\"kb-adv-heading379_68e039-6a\">Le devis s&rsquo;av\u00e8re n\u00e9cessaire pour \u00e9valuer avec pr\u00e9cision les besoins de correction de votre \u00e9crit.<\/h6>\n\n\n\n<p>Pour cela je vous demande de bien vouloir remplir tous les champs de ce formulaire. N&rsquo;oubliez pas de joindre le document \u00e0 corriger.<\/p>\n\n\n<style>.wp-block-kadence-advanced-form388-cpt-id, .wp-block-kadence-advanced-form388-cpt-id.kb-form-has-background{padding-top:var(--global-kb-spacing-xxl, 5rem);padding-right:var(--global-kb-spacing-xxl, 5rem);padding-left:var(--global-kb-spacing-xxl, 5rem);}.wp-block-kadence-advanced-form388-cpt-id .kb-advanced-form{gap:var(--global-kb-gap-sm, 1rem);}.wp-block-kadence-advanced-form388-cpt-id .kb-advanced-form input[type=text],.wp-block-kadence-advanced-form388-cpt-id .kb-advanced-form input[type=tel],.wp-block-kadence-advanced-form388-cpt-id .kb-advanced-form input[type=number],.wp-block-kadence-advanced-form388-cpt-id .kb-advanced-form input[type=date],.wp-block-kadence-advanced-form388-cpt-id .kb-advanced-form input[type=time],.wp-block-kadence-advanced-form388-cpt-id .kb-advanced-form input[type=email],.wp-block-kadence-advanced-form388-cpt-id .kb-advanced-form input[type=file],.wp-block-kadence-advanced-form388-cpt-id .kb-advanced-form select,.wp-block-kadence-advanced-form388-cpt-id .kb-advanced-form textarea{border-top-right-radius:0px;}<\/style><div class=\"wp-block-kadence-advanced-form wp-block-kadence-advanced-form388-cpt-id kb-adv-form-label-style-normal kb-adv-form-input-size-standard kb-form-basic-style wp-block-kadence-advanced-form\"><form id=\"kb-adv-form-388-cpt-id\" class=\"kb-advanced-form\" method=\"post\" data-error-message=\"Veuillez corriger les erreurs pour continuer.\">\n<style>.kb-row-layout-id379_36c184-0a > .kt-row-column-wrap{align-content:start;}:where(.kb-row-layout-id379_36c184-0a > .kt-row-column-wrap) > .wp-block-kadence-column{justify-content:start;}.kb-row-layout-id379_36c184-0a > .kt-row-column-wrap{column-gap:var(--global-kb-gap-md, 2rem);row-gap:var(--global-kb-gap-md, 2rem);padding-top:0px;padding-right:0px;padding-bottom:0px;padding-left:0px;grid-template-columns:repeat(2, minmax(0, 1fr));}.kb-row-layout-id379_36c184-0a > .kt-row-layout-overlay{opacity:0.30;}@media all and (max-width: 1024px){.kb-row-layout-id379_36c184-0a > .kt-row-column-wrap{grid-template-columns:repeat(2, minmax(0, 1fr));}}@media all and (max-width: 767px){.kb-row-layout-id379_36c184-0a > .kt-row-column-wrap{grid-template-columns:minmax(0, 1fr);}}<\/style><div class=\"kb-row-layout-wrap kb-row-layout-id379_36c184-0a alignnone wp-block-kadence-rowlayout\"><div class=\"kt-row-column-wrap kt-has-2-columns kt-row-layout-equal kt-tab-layout-inherit kt-mobile-layout-row kt-row-valign-top\">\n<style>.kadence-column379_e66449-8b > .kt-inside-inner-col,.kadence-column379_e66449-8b > .kt-inside-inner-col:before{border-top-left-radius:0px;border-top-right-radius:0px;border-bottom-right-radius:0px;border-bottom-left-radius:0px;}.kadence-column379_e66449-8b > .kt-inside-inner-col{column-gap:var(--global-kb-gap-sm, 1rem);}.kadence-column379_e66449-8b > .kt-inside-inner-col{flex-direction:column;}.kadence-column379_e66449-8b > .kt-inside-inner-col > .aligncenter{width:100%;}.kadence-column379_e66449-8b > .kt-inside-inner-col:before{opacity:0.3;}.kadence-column379_e66449-8b{position:relative;}@media all and (max-width: 1024px){.kadence-column379_e66449-8b > .kt-inside-inner-col{flex-direction:column;justify-content:center;}}@media all and (max-width: 767px){.kadence-column379_e66449-8b > .kt-inside-inner-col{flex-direction:column;justify-content:center;}}<\/style>\n<div class=\"wp-block-kadence-column kadence-column379_e66449-8b\"><div class=\"kt-inside-inner-col\"><div class=\"kb-adv-form-field kb-adv-form-text-type-input kb-adv-form-infield-type-input kb-field388f48d12-b2 wp-block-kadence-advanced-form-text\"><label class=\"kb-adv-form-label\" for=\"field388f48d12-b2\">Nom<span class=\"kb-adv-form-required\">*<\/span><\/label><input name=\"fieldf48d12-b2\" id=\"field388f48d12-b2\" data-label=\"Nom\" type=\"text\" placeholder=\"\" value=\"\" data-type=\"text\" class=\"kb-field kb-text-field\" data-required=\"yes\" required aria-required=\"true\"\/><\/div><\/div><\/div>\n\n\n<style>.kadence-column379_85174e-99 > .kt-inside-inner-col,.kadence-column379_85174e-99 > .kt-inside-inner-col:before{border-top-left-radius:0px;border-top-right-radius:0px;border-bottom-right-radius:0px;border-bottom-left-radius:0px;}.kadence-column379_85174e-99 > .kt-inside-inner-col{column-gap:var(--global-kb-gap-sm, 1rem);}.kadence-column379_85174e-99 > .kt-inside-inner-col{flex-direction:column;}.kadence-column379_85174e-99 > .kt-inside-inner-col > .aligncenter{width:100%;}.kadence-column379_85174e-99 > .kt-inside-inner-col:before{opacity:0.3;}.kadence-column379_85174e-99{position:relative;}@media all and (max-width: 1024px){.kadence-column379_85174e-99 > .kt-inside-inner-col{flex-direction:column;justify-content:center;}}@media all and (max-width: 767px){.kadence-column379_85174e-99 > .kt-inside-inner-col{flex-direction:column;justify-content:center;}}<\/style>\n<div class=\"wp-block-kadence-column kadence-column379_85174e-99\"><div class=\"kt-inside-inner-col\"><div class=\"kb-adv-form-field kb-adv-form-text-type-input kb-adv-form-infield-type-input kb-field3883b14ff-cd wp-block-kadence-advanced-form-text\"><label class=\"kb-adv-form-label\" for=\"field3883b14ff-cd\">Pr\u00e9nom<span class=\"kb-adv-form-required\">*<\/span><\/label><input name=\"field3b14ff-cd\" id=\"field3883b14ff-cd\" data-label=\"Pr\u00e9nom\" type=\"text\" placeholder=\"\" value=\"\" data-type=\"text\" class=\"kb-field kb-text-field\" data-required=\"yes\" required aria-required=\"true\"\/><\/div><\/div><\/div>\n\n<\/div><\/div>\n\n<style>.kb-row-layout-id379_e567d9-4f > .kt-row-column-wrap{align-content:start;}:where(.kb-row-layout-id379_e567d9-4f > .kt-row-column-wrap) > .wp-block-kadence-column{justify-content:start;}.kb-row-layout-id379_e567d9-4f > .kt-row-column-wrap{column-gap:var(--global-kb-gap-md, 2rem);row-gap:var(--global-kb-gap-md, 2rem);padding-top:var(--global-kb-spacing-sm, 1.5rem);padding-bottom:var(--global-kb-spacing-sm, 1.5rem);grid-template-columns:minmax(0, calc(50% - ((var(--global-kb-gap-md, 2rem) * 1 )\/2)))minmax(0, calc(50% - ((var(--global-kb-gap-md, 2rem) * 1 )\/2)));}.kb-row-layout-id379_e567d9-4f > .kt-row-layout-overlay{opacity:0.30;}@media all and (max-width: 1024px){.kb-row-layout-id379_e567d9-4f > .kt-row-column-wrap{grid-template-columns:repeat(2, minmax(0, 1fr));}}@media all and (max-width: 767px){.kb-row-layout-id379_e567d9-4f > .kt-row-column-wrap{grid-template-columns:minmax(0, 1fr);}}<\/style><div class=\"kb-row-layout-wrap kb-row-layout-id379_e567d9-4f alignnone wp-block-kadence-rowlayout\"><div class=\"kt-row-column-wrap kt-has-2-columns kt-row-layout-equal kt-tab-layout-inherit kt-mobile-layout-row kt-row-valign-top\">\n<style>.kadence-column379_216c45-a8 > .kt-inside-inner-col,.kadence-column379_216c45-a8 > .kt-inside-inner-col:before{border-top-left-radius:0px;border-top-right-radius:0px;border-bottom-right-radius:0px;border-bottom-left-radius:0px;}.kadence-column379_216c45-a8 > .kt-inside-inner-col{column-gap:var(--global-kb-gap-sm, 1rem);}.kadence-column379_216c45-a8 > .kt-inside-inner-col{flex-direction:column;}.kadence-column379_216c45-a8 > .kt-inside-inner-col > .aligncenter{width:100%;}.kadence-column379_216c45-a8 > .kt-inside-inner-col:before{opacity:0.3;}.kadence-column379_216c45-a8{position:relative;}@media all and (max-width: 1024px){.kadence-column379_216c45-a8 > .kt-inside-inner-col{flex-direction:column;justify-content:center;}}@media all and (max-width: 767px){.kadence-column379_216c45-a8 > .kt-inside-inner-col{flex-direction:column;justify-content:center;}}<\/style>\n<div class=\"wp-block-kadence-column kadence-column379_216c45-a8\"><div class=\"kt-inside-inner-col\"><div class=\"kb-adv-form-field kb-adv-form-text-type-input kb-adv-form-infield-type-input kb-field388a64b2a-14 wp-block-kadence-advanced-form-text\"><label class=\"kb-adv-form-label\" for=\"field388a64b2a-14\">Adresse<span class=\"kb-adv-form-required\">*<\/span><\/label><input name=\"fielda64b2a-14\" id=\"field388a64b2a-14\" aria-describedby=\"aria-describe388a64b2a-14\" data-label=\"Adresse\" type=\"text\" placeholder=\"\" value=\"\" data-type=\"text\" class=\"kb-field kb-text-field\" data-required=\"yes\" required aria-required=\"true\"\/><div class=\"kb-adv-form-help\" id=\"aria-describe388a64b2a-14\">8 rue de la Paix<\/div><\/div><\/div><\/div>\n\n\n<style>.kadence-column379_094e4b-98 > .kt-inside-inner-col,.kadence-column379_094e4b-98 > .kt-inside-inner-col:before{border-top-left-radius:0px;border-top-right-radius:0px;border-bottom-right-radius:0px;border-bottom-left-radius:0px;}.kadence-column379_094e4b-98 > .kt-inside-inner-col{column-gap:var(--global-kb-gap-sm, 1rem);}.kadence-column379_094e4b-98 > .kt-inside-inner-col{flex-direction:column;}.kadence-column379_094e4b-98 > .kt-inside-inner-col > .aligncenter{width:100%;}.kadence-column379_094e4b-98 > .kt-inside-inner-col:before{opacity:0.3;}.kadence-column379_094e4b-98{position:relative;}@media all and (max-width: 1024px){.kadence-column379_094e4b-98 > .kt-inside-inner-col{flex-direction:column;justify-content:center;}}@media all and (max-width: 767px){.kadence-column379_094e4b-98 > .kt-inside-inner-col{flex-direction:column;justify-content:center;}}<\/style>\n<div class=\"wp-block-kadence-column kadence-column379_094e4b-98\"><div class=\"kt-inside-inner-col\"><div class=\"kb-adv-form-field kb-adv-form-text-type-input kb-adv-form-infield-type-input kb-field388da1990-42 wp-block-kadence-advanced-form-text\"><label class=\"kb-adv-form-label\" for=\"field388da1990-42\">Ville<span class=\"kb-adv-form-required\">*<\/span><\/label><input name=\"fieldda1990-42\" id=\"field388da1990-42\" aria-describedby=\"aria-describe388da1990-42\" data-label=\"Ville\" type=\"text\" placeholder=\"\" value=\"\" data-type=\"text\" class=\"kb-field kb-text-field\" data-required=\"yes\" required aria-required=\"true\"\/><div class=\"kb-adv-form-help\" id=\"aria-describe388da1990-42\">75000  Paris<\/div><\/div><\/div><\/div>\n\n<\/div><\/div>\n\n<style>.wp-block-kadence-advanced-form .kb-field3885a9f79-2f{max-width:48%;}<\/style><div class=\"kb-adv-form-field kb-adv-form-text-type-input kb-adv-form-infield-type-input kb-field3885a9f79-2f wp-block-kadence-advanced-form-email\"><label class=\"kb-adv-form-label\" for=\"field3885a9f79-2f\">E-mail<span class=\"kb-adv-form-required\">*<\/span><\/label><input name=\"field5a9f79-2f\" id=\"field3885a9f79-2f\" data-label=\"E-mail\" type=\"email\" placeholder=\"\" value=\"\" data-type=\"email\" class=\"kb-field kb-email-field\" data-required=\"yes\" required aria-required=\"true\"\/><\/div>\n\n<style>.kb-row-layout-id379_74101a-8f > .kt-row-column-wrap{align-content:start;}:where(.kb-row-layout-id379_74101a-8f > .kt-row-column-wrap) > .wp-block-kadence-column{justify-content:start;}.kb-row-layout-id379_74101a-8f > .kt-row-column-wrap{column-gap:var(--global-kb-gap-md, 2rem);row-gap:var(--global-kb-gap-md, 2rem);padding-top:0px;padding-right:0px;padding-bottom:0px;padding-left:0px;grid-template-columns:repeat(2, minmax(0, 1fr));}.kb-row-layout-id379_74101a-8f > .kt-row-layout-overlay{opacity:0.30;}@media all and (max-width: 1024px){.kb-row-layout-id379_74101a-8f > .kt-row-column-wrap{grid-template-columns:repeat(2, minmax(0, 1fr));}}@media all and (max-width: 767px){.kb-row-layout-id379_74101a-8f > .kt-row-column-wrap{grid-template-columns:minmax(0, 1fr);}}<\/style><div class=\"kb-row-layout-wrap kb-row-layout-id379_74101a-8f alignnone wp-block-kadence-rowlayout\"><div class=\"kt-row-column-wrap kt-has-2-columns kt-row-layout-equal kt-tab-layout-inherit kt-mobile-layout-row kt-row-valign-top\">\n<style>.kadence-column379_ba5044-d4 > .kt-inside-inner-col,.kadence-column379_ba5044-d4 > .kt-inside-inner-col:before{border-top-left-radius:0px;border-top-right-radius:0px;border-bottom-right-radius:0px;border-bottom-left-radius:0px;}.kadence-column379_ba5044-d4 > .kt-inside-inner-col{column-gap:var(--global-kb-gap-sm, 1rem);}.kadence-column379_ba5044-d4 > .kt-inside-inner-col{flex-direction:column;}.kadence-column379_ba5044-d4 > .kt-inside-inner-col > .aligncenter{width:100%;}.kadence-column379_ba5044-d4 > .kt-inside-inner-col:before{opacity:0.3;}.kadence-column379_ba5044-d4{position:relative;}@media all and (max-width: 1024px){.kadence-column379_ba5044-d4 > .kt-inside-inner-col{flex-direction:column;justify-content:center;}}@media all and (max-width: 767px){.kadence-column379_ba5044-d4 > .kt-inside-inner-col{flex-direction:column;justify-content:center;}}<\/style>\n<div class=\"wp-block-kadence-column kadence-column379_ba5044-d4\"><div class=\"kt-inside-inner-col\"><div class=\"kb-adv-form-field kb-adv-form-infield-type-input kb-field388697b3f-dd wp-block-kadence-advanced-form-select\"><label class=\"kb-adv-form-label\" for=\"field388697b3f-dd\">Statut<span class=\"kb-adv-form-required\">*<\/span><\/label><select  name=\"field697b3f-dd\" id=\"field388697b3f-dd\" aria-describedby=\"aria-describe388697b3f-dd\" required aria-required=\"true\"><option value=\"\"><\/option><option value=\"association\">association<\/option><option value=\"collectivit\u00e9 territoriale \">collectivit\u00e9 territoriale <\/option><option value=\"entreprise\">entreprise<\/option><option value=\"\u00e9tudiant \">\u00e9tudiant <\/option><option value=\"particulier\">particulier<\/option><\/select><div class=\"kb-adv-form-help\" id=\"aria-describe388697b3f-dd\">pr\u00e9ciser dans &quot;Message&quot;<\/div><\/div><\/div><\/div>\n\n\n<style>.kadence-column379_a87a83-1d > .kt-inside-inner-col,.kadence-column379_a87a83-1d > .kt-inside-inner-col:before{border-top-left-radius:0px;border-top-right-radius:0px;border-bottom-right-radius:0px;border-bottom-left-radius:0px;}.kadence-column379_a87a83-1d > .kt-inside-inner-col{column-gap:var(--global-kb-gap-sm, 1rem);}.kadence-column379_a87a83-1d > .kt-inside-inner-col{flex-direction:column;}.kadence-column379_a87a83-1d > .kt-inside-inner-col > .aligncenter{width:100%;}.kadence-column379_a87a83-1d > .kt-inside-inner-col:before{opacity:0.3;}.kadence-column379_a87a83-1d{position:relative;}@media all and (max-width: 1024px){.kadence-column379_a87a83-1d > .kt-inside-inner-col{flex-direction:column;justify-content:center;}}@media all and (max-width: 767px){.kadence-column379_a87a83-1d > .kt-inside-inner-col{flex-direction:column;justify-content:center;}}<\/style>\n<div class=\"wp-block-kadence-column kadence-column379_a87a83-1d\"><div class=\"kt-inside-inner-col\"><div class=\"kb-adv-form-field kb-adv-form-infield-type-input kb-field388bb4219-6d wp-block-kadence-advanced-form-select\"><label class=\"kb-adv-form-label\" for=\"field388bb4219-6d\">Type d&rsquo;\u00e9crit<span class=\"kb-adv-form-required\">*<\/span><\/label><select  name=\"fieldbb4219-6d\" id=\"field388bb4219-6d\" aria-describedby=\"aria-describe388bb4219-6d\" required aria-required=\"true\"><option value=\"\"><\/option><option value=\"manuscrit (type d&#039;\u00e9crit)\">manuscrit (type d&rsquo;\u00e9crit)<\/option><option value=\"m\u00e9moire (niveau d&#039;\u00e9tude et sujet)\">m\u00e9moire (niveau d&rsquo;\u00e9tude et sujet)<\/option><option value=\"communication (rapport, compte rendu, etc.)\">communication (rapport, compte rendu, etc.)<\/option><option value=\"lettre de motivation et\/ou CV (objectif)\">lettre de motivation et\/ou CV (objectif)<\/option><option value=\"autre document (\u00e0 pr\u00e9ciser)\">autre document (\u00e0 pr\u00e9ciser)<\/option><\/select><div class=\"kb-adv-form-help\" id=\"aria-describe388bb4219-6d\">pr\u00e9ciser dans &quot;Message&quot;<\/div><\/div><\/div><\/div>\n\n<\/div><\/div>\n\n<div class=\"kb-adv-form-field kb-adv-form-text-type-input kb-adv-form-infield-type-input kb-field388b7eb57-3a wp-block-kadence-advanced-form-textarea\"><label class=\"kb-adv-form-label\" for=\"field388b7eb57-3a\">Message<span class=\"kb-adv-form-required\">*<\/span><\/label><textarea name=\"fieldb7eb57-3a\" id=\"field388b7eb57-3a\" rows=\"3\"  data-label=\"Message\" placeholder=\"\" data-type=\"textarea\" class=\"kb-field kb-textarea-field\" data-required=\"yes\" required aria-required=\"true\"><\/textarea><\/div>\n\n<div class=\"kb-adv-form-field kb-adv-form-file-type-input kb-adv-form-infield-type-input kb-field388377ebc-c2 wp-block-kadence-advanced-form-file\"><label class=\"kb-adv-form-label\" for=\"field388377ebc-c2\">Ajouter un fichier texte <\/label><input name=\"field377ebc-c2[]\" id=\"field388377ebc-c2\" data-label=\"Ajouter un fichier texte \" type=\"file\" placeholder=\"\" value=\"\" data-type=\"file\" class=\"kb-field kb-file-field\" data-required=\"no\"  multiple\/><\/div>\n\n<style>ul.menu .kb-submit-field .kb-btne5ad71-91.kb-button{width:initial;}.kb-submit-field.kb-fielde5ad71-91{justify-content:flex-start;}<\/style><div class=\"kb-adv-form-field kb-submit-field kb-fielde5ad71-91 wp-block-kadence-advanced-form-submit\"><button class=\"kb-button kt-button button kb-adv-form-submit-button kb-btne5ad71-91 kt-btn-size-standard kt-btn-width-type-auto kb-btn-global-fill kt-btn-has-text-true kt-btn-has-svg-false\" type=\"submit\"><span class=\"kt-btn-inner-text\">Envoyer<\/span><\/button><\/div>\n<input type=\"hidden\" name=\"_kb_adv_form_post_id\" value=\"388\"><input type=\"hidden\" name=\"action\" value=\"kb_process_advanced_form_submit\"><input type=\"hidden\" name=\"_kb_adv_form_id\" value=\"388-cpt-id\"><\/form><\/div>","protected":false},"excerpt":{"rendered":"<p>Demande de devis Le devis s&rsquo;av\u00e8re n\u00e9cessaire pour \u00e9valuer avec pr\u00e9cision les besoins de correction de votre \u00e9crit. Pour cela je vous demande de bien vouloir remplir tous les champs de ce formulaire. N&rsquo;oubliez pas de joindre le document \u00e0 corriger.<\/p>\n","protected":false},"author":1,"featured_media":0,"parent":0,"menu_order":5,"comment_status":"closed","ping_status":"closed","template":"","meta":{"_kad_post_transparent":"default","_kad_post_title":"hide","_kad_post_layout":"","_kad_post_sidebar_id":"","_kad_post_content_style":"","_kad_post_vertical_padding":"","_kad_post_feature":"","_kad_post_feature_position":"","_kad_post_header":false,"_kad_post_footer":false,"_kad_post_classname":"","footnotes":""},"class_list":["post-379","page","type-page","status-publish","hentry"],"_links":{"self":[{"href":"https:\/\/ft-correction.fr\/index.php?rest_route=\/wp\/v2\/pages\/379","targetHints":{"allow":["GET"]}}],"collection":[{"href":"https:\/\/ft-correction.fr\/index.php?rest_route=\/wp\/v2\/pages"}],"about":[{"href":"https:\/\/ft-correction.fr\/index.php?rest_route=\/wp\/v2\/types\/page"}],"author":[{"embeddable":true,"href":"https:\/\/ft-correction.fr\/index.php?rest_route=\/wp\/v2\/users\/1"}],"replies":[{"embeddable":true,"href":"https:\/\/ft-correction.fr\/index.php?rest_route=%2Fwp%2Fv2%2Fcomments&post=379"}],"version-history":[{"count":15,"href":"https:\/\/ft-correction.fr\/index.php?rest_route=\/wp\/v2\/pages\/379\/revisions"}],"predecessor-version":[{"id":996,"href":"https:\/\/ft-correction.fr\/index.php?rest_route=\/wp\/v2\/pages\/379\/revisions\/996"}],"wp:attachment":[{"href":"https:\/\/ft-correction.fr\/index.php?rest_route=%2Fwp%2Fv2%2Fmedia&parent=379"}],"curies":[{"name":"wp","href":"https:\/\/api.w.org\/{rel}","templated":true}]}}