{"id":14,"date":"2023-06-14T10:54:13","date_gmt":"2023-06-14T08:54:13","guid":{"rendered":"https:\/\/ft-correction.fr\/?page_id=14"},"modified":"2024-10-09T20:26:31","modified_gmt":"2024-10-09T18:26:31","slug":"a-propos","status":"publish","type":"page","link":"https:\/\/ft-correction.fr\/?page_id=14","title":{"rendered":"A propos"},"content":{"rendered":"<style>.kb-row-layout-id14_bd739a-ee > .kt-row-column-wrap{align-content:start;}:where(.kb-row-layout-id14_bd739a-ee > .kt-row-column-wrap) > .wp-block-kadence-column{justify-content:start;}.kb-row-layout-id14_bd739a-ee > .kt-row-column-wrap{column-gap:var(--global-kb-gap-md, 2rem);row-gap:var(--global-kb-gap-md, 2rem);padding-top:var(--global-kb-spacing-sm, 1.5rem);padding-bottom:var(--global-kb-spacing-sm, 1.5rem);grid-template-columns:repeat(2, minmax(0, 1fr));}.kb-row-layout-id14_bd739a-ee > .kt-row-layout-overlay{opacity:0.30;}@media all and (max-width: 1024px){.kb-row-layout-id14_bd739a-ee > .kt-row-column-wrap{grid-template-columns:repeat(2, minmax(0, 1fr));}}@media all and (max-width: 767px){.kb-row-layout-id14_bd739a-ee > .kt-row-column-wrap{grid-template-columns:minmax(0, 1fr);}}<\/style><div class=\"kb-row-layout-wrap kb-row-layout-id14_bd739a-ee alignnone wp-block-kadence-rowlayout\"><div class=\"kt-row-column-wrap kt-has-2-columns kt-row-layout-equal kt-tab-layout-inherit kt-mobile-layout-row kt-row-valign-top\">\n<style>.kadence-column14_70e7c2-87 > .kt-inside-inner-col{padding-top:0px;padding-right:var(--global-kb-spacing-xxs, 0.5rem);padding-left:var(--global-kb-spacing-xxs, 0.5rem);}.kadence-column14_70e7c2-87 > .kt-inside-inner-col{border-top:10px solid var(--global-palette4, #2D3748);border-right:10px solid var(--global-palette4, #2D3748);border-bottom:10px solid var(--global-palette4, #2D3748);border-left:10px solid var(--global-palette4, #2D3748);}.kadence-column14_70e7c2-87 > .kt-inside-inner-col,.kadence-column14_70e7c2-87 > .kt-inside-inner-col:before{border-top-left-radius:0px;border-top-right-radius:0px;border-bottom-right-radius:0px;border-bottom-left-radius:0px;}.kadence-column14_70e7c2-87 > .kt-inside-inner-col{column-gap:var(--global-kb-gap-sm, 1rem);}.kadence-column14_70e7c2-87 > .kt-inside-inner-col{flex-direction:column;}.kadence-column14_70e7c2-87 > .kt-inside-inner-col > .aligncenter{width:100%;}.kadence-column14_70e7c2-87 > .kt-inside-inner-col{background-image:url('http:\/\/ft-correction.fr\/wp-content\/uploads\/2024\/02\/photo27.png');background-size:cover;background-position:53% 1%;background-attachment:scroll;background-repeat:no-repeat;}.kadence-column14_70e7c2-87 > .kt-inside-inner-col:before{opacity:0.31;background-color:var(--global-palette9, #ffffff);}.kadence-column14_70e7c2-87{position:relative;}@media all and (max-width: 1024px){.kadence-column14_70e7c2-87 > .kt-inside-inner-col{border-top:10px solid var(--global-palette4, #2D3748);border-right:10px solid var(--global-palette4, #2D3748);border-bottom:10px solid var(--global-palette4, #2D3748);border-left:10px solid var(--global-palette4, #2D3748);flex-direction:column;justify-content:center;}}@media all and (max-width: 767px){.kadence-column14_70e7c2-87 > .kt-inside-inner-col{border-top:10px solid var(--global-palette4, #2D3748);border-right:10px solid var(--global-palette4, #2D3748);border-bottom:10px solid var(--global-palette4, #2D3748);border-left:10px solid var(--global-palette4, #2D3748);flex-direction:column;justify-content:center;}}<\/style>\n<div class=\"wp-block-kadence-column kadence-column14_70e7c2-87 kb-section-has-overlay\"><div class=\"kt-inside-inner-col\"><style>.wp-block-kadence-advancedheading.kt-adv-heading14_c6456c-cd, .wp-block-kadence-advancedheading.kt-adv-heading14_c6456c-cd[data-kb-block=\"kb-adv-heading14_c6456c-cd\"]{padding-top:var(--global-kb-spacing-lg, 3rem);padding-bottom:0px;text-align:center;font-style:normal;}.wp-block-kadence-advancedheading.kt-adv-heading14_c6456c-cd mark.kt-highlight, .wp-block-kadence-advancedheading.kt-adv-heading14_c6456c-cd[data-kb-block=\"kb-adv-heading14_c6456c-cd\"] mark.kt-highlight{font-style:normal;color:#f76a0c;-webkit-box-decoration-break:clone;box-decoration-break:clone;padding-top:0px;padding-right:0px;padding-bottom:0px;padding-left:0px;}<\/style>\n<h1 class=\"kt-adv-heading14_c6456c-cd wp-block-kadence-advancedheading has-theme-palette-4-color has-text-color\" data-kb-block=\"kb-adv-heading14_c6456c-cd\">Mon profil<\/h1>\n\n\n<style>.wp-block-kadence-advancedheading.kt-adv-heading14_49c094-18, .wp-block-kadence-advancedheading.kt-adv-heading14_49c094-18[data-kb-block=\"kb-adv-heading14_49c094-18\"]{margin-top:var(--global-kb-spacing-md, 2rem);text-align:center;font-size:28px;font-style:normal;}.wp-block-kadence-advancedheading.kt-adv-heading14_49c094-18 mark.kt-highlight, .wp-block-kadence-advancedheading.kt-adv-heading14_49c094-18[data-kb-block=\"kb-adv-heading14_49c094-18\"] mark.kt-highlight{font-style:normal;color:#f76a0c;-webkit-box-decoration-break:clone;box-decoration-break:clone;padding-top:0px;padding-right:0px;padding-bottom:0px;padding-left:0px;}<\/style>\n<p class=\"kt-adv-heading14_49c094-18 wp-block-kadence-advancedheading\" data-kb-block=\"kb-adv-heading14_49c094-18\">mon \u00e9volution professionnelle <\/p>\n\n\n<style>.wp-block-kadence-advancedheading.kt-adv-heading14_c2eab2-aa, .wp-block-kadence-advancedheading.kt-adv-heading14_c2eab2-aa[data-kb-block=\"kb-adv-heading14_c2eab2-aa\"]{padding-top:0px;margin-top:0px;margin-bottom:0px;text-align:center;font-size:22px;font-style:normal;}.wp-block-kadence-advancedheading.kt-adv-heading14_c2eab2-aa mark.kt-highlight, .wp-block-kadence-advancedheading.kt-adv-heading14_c2eab2-aa[data-kb-block=\"kb-adv-heading14_c2eab2-aa\"] mark.kt-highlight{font-style:normal;color:#f76a0c;-webkit-box-decoration-break:clone;box-decoration-break:clone;padding-top:0px;padding-right:0px;padding-bottom:0px;padding-left:0px;}<\/style>\n<p class=\"kt-adv-heading14_c2eab2-aa wp-block-kadence-advancedheading\" data-kb-block=\"kb-adv-heading14_c2eab2-aa\"><strong>ou ce qui m\u2019a amen\u00e9e \u00e0 choisir ce m\u00e9tier<\/strong><\/p>\n\n\n<style>.wp-block-kadence-advancedbtn.kb-btns14_095f1b-0b{gap:var(--global-kb-gap-xs, 0.5rem );justify-content:center;align-items:center;}.kt-btns14_095f1b-0b .kt-button{font-weight:normal;font-style:normal;}.kt-btns14_095f1b-0b .kt-btn-wrap-0{margin-right:5px;}.wp-block-kadence-advancedbtn.kt-btns14_095f1b-0b .kt-btn-wrap-0 .kt-button{color:#555555;border-color:#555555;}.wp-block-kadence-advancedbtn.kt-btns14_095f1b-0b .kt-btn-wrap-0 .kt-button:hover, .wp-block-kadence-advancedbtn.kt-btns14_095f1b-0b .kt-btn-wrap-0 .kt-button:focus{color:#ffffff;border-color:#444444;}.wp-block-kadence-advancedbtn.kt-btns14_095f1b-0b .kt-btn-wrap-0 .kt-button::before{display:none;}.wp-block-kadence-advancedbtn.kt-btns14_095f1b-0b .kt-btn-wrap-0 .kt-button:hover, .wp-block-kadence-advancedbtn.kt-btns14_095f1b-0b .kt-btn-wrap-0 .kt-button:focus{background:#444444;}<\/style>\n<div class=\"wp-block-kadence-advancedbtn kb-buttons-wrap kb-btns14_095f1b-0b\"><style>ul.menu .wp-block-kadence-advancedbtn .kb-btn14_e52d93-22.kb-button{width:initial;}.wp-block-kadence-advancedbtn .kb-btn14_e52d93-22.kb-button{color:var(--global-palette3, #1A202C);background:#fac941;font-size:17px;border-top:5px solid var(--global-palette4, #2D3748);border-right:5px solid var(--global-palette4, #2D3748);border-bottom:5px solid var(--global-palette4, #2D3748);border-left:5px solid var(--global-palette4, #2D3748);margin-top:var(--global-kb-spacing-md, 2rem);margin-bottom:var(--global-kb-spacing-xs, 1rem);}.wp-block-kadence-advancedbtn .kb-btn14_e52d93-22.kb-button:hover, .wp-block-kadence-advancedbtn .kb-btn14_e52d93-22.kb-button:focus{background:var(--global-palette8, #F7FAFC);}@media all and (max-width: 1024px){.wp-block-kadence-advancedbtn .kb-btn14_e52d93-22.kb-button{border-top:5px solid var(--global-palette4, #2D3748);border-right:5px solid var(--global-palette4, #2D3748);border-bottom:5px solid var(--global-palette4, #2D3748);border-left:5px solid var(--global-palette4, #2D3748);}}@media all and (max-width: 767px){.wp-block-kadence-advancedbtn .kb-btn14_e52d93-22.kb-button{border-top:5px solid var(--global-palette4, #2D3748);border-right:5px solid var(--global-palette4, #2D3748);border-bottom:5px solid var(--global-palette4, #2D3748);border-left:5px solid var(--global-palette4, #2D3748);}}<\/style><a class=\"kb-button kt-button button kb-btn14_e52d93-22 kt-btn-size-standard kt-btn-width-type-auto kb-btn-global-fill  kt-btn-has-text-true kt-btn-has-svg-false  wp-block-kadence-singlebtn\" href=\"https:\/\/ft-correction.fr\/?page_id=74\"><span class=\"kt-btn-inner-text\">En savoir plus<\/span><\/a><\/div>\n<\/div><\/div>\n\n\n<style>.kadence-column14_e418e6-a0 > .kt-inside-inner-col{padding-top:var(--global-kb-spacing-md, 2rem);padding-right:var(--global-kb-spacing-xxs, 0.5rem);padding-left:var(--global-kb-spacing-xxs, 0.5rem);}.kadence-column14_e418e6-a0 > .kt-inside-inner-col{border-top:10px solid var(--global-palette4, #2D3748);border-right:10px solid var(--global-palette4, #2D3748);border-bottom:10px solid var(--global-palette4, #2D3748);border-left:10px solid var(--global-palette4, #2D3748);}.kadence-column14_e418e6-a0 > .kt-inside-inner-col,.kadence-column14_e418e6-a0 > .kt-inside-inner-col:before{border-top-left-radius:0px;border-top-right-radius:0px;border-bottom-right-radius:0px;border-bottom-left-radius:0px;}.kadence-column14_e418e6-a0 > .kt-inside-inner-col{column-gap:var(--global-kb-gap-sm, 1rem);}.kadence-column14_e418e6-a0 > .kt-inside-inner-col{flex-direction:column;}.kadence-column14_e418e6-a0 > .kt-inside-inner-col > .aligncenter{width:100%;}.kadence-column14_e418e6-a0 > .kt-inside-inner-col{background-image:url('http:\/\/ft-correction.fr\/wp-content\/uploads\/2024\/02\/photo27.png');background-size:100% 100%;background-position:92% 2%;background-attachment:scroll;background-repeat:no-repeat;}.kadence-column14_e418e6-a0 > .kt-inside-inner-col:before{opacity:0.31;background-color:var(--global-palette9, #ffffff);}.kadence-column14_e418e6-a0{position:relative;}@media all and (max-width: 1024px){.kadence-column14_e418e6-a0 > .kt-inside-inner-col{border-top:10px solid var(--global-palette4, #2D3748);border-right:10px solid var(--global-palette4, #2D3748);border-bottom:10px solid var(--global-palette4, #2D3748);border-left:10px solid var(--global-palette4, #2D3748);flex-direction:column;justify-content:center;}}@media all and (max-width: 767px){.kadence-column14_e418e6-a0 > .kt-inside-inner-col{border-top:10px solid var(--global-palette4, #2D3748);border-right:10px solid var(--global-palette4, #2D3748);border-bottom:10px solid var(--global-palette4, #2D3748);border-left:10px solid var(--global-palette4, #2D3748);flex-direction:column;justify-content:center;}}<\/style>\n<div class=\"wp-block-kadence-column kadence-column14_e418e6-a0 kb-section-has-overlay\"><div class=\"kt-inside-inner-col\"><style>.wp-block-kadence-advancedheading.kt-adv-heading14_2b1b10-f7, .wp-block-kadence-advancedheading.kt-adv-heading14_2b1b10-f7[data-kb-block=\"kb-adv-heading14_2b1b10-f7\"]{padding-top:var(--global-kb-spacing-xs, 1rem);padding-bottom:var(--global-kb-spacing-xxs, 0.5rem);text-align:center;font-style:normal;}.wp-block-kadence-advancedheading.kt-adv-heading14_2b1b10-f7 mark.kt-highlight, .wp-block-kadence-advancedheading.kt-adv-heading14_2b1b10-f7[data-kb-block=\"kb-adv-heading14_2b1b10-f7\"] mark.kt-highlight{font-style:normal;color:#f76a0c;-webkit-box-decoration-break:clone;box-decoration-break:clone;padding-top:0px;padding-right:0px;padding-bottom:0px;padding-left:0px;}<\/style>\n<h1 class=\"kt-adv-heading14_2b1b10-f7 wp-block-kadence-advancedheading has-theme-palette-4-color has-text-color\" data-kb-block=\"kb-adv-heading14_2b1b10-f7\"><strong>Ma formation<\/strong><\/h1>\n\n\n<style>.wp-block-kadence-advancedheading.kt-adv-heading14_90d133-ea, .wp-block-kadence-advancedheading.kt-adv-heading14_90d133-ea[data-kb-block=\"kb-adv-heading14_90d133-ea\"]{padding-top:var(--global-kb-spacing-xxs, 0.5rem);margin-top:0px;text-align:center;font-size:28px;font-style:normal;}.wp-block-kadence-advancedheading.kt-adv-heading14_90d133-ea mark.kt-highlight, .wp-block-kadence-advancedheading.kt-adv-heading14_90d133-ea[data-kb-block=\"kb-adv-heading14_90d133-ea\"] mark.kt-highlight{font-style:normal;color:#f76a0c;-webkit-box-decoration-break:clone;box-decoration-break:clone;padding-top:0px;padding-right:0px;padding-bottom:0px;padding-left:0px;}<\/style>\n<p class=\"kt-adv-heading14_90d133-ea wp-block-kadence-advancedheading\" data-kb-block=\"kb-adv-heading14_90d133-ea\">au m\u00e9tier de correctrice<\/p>\n\n\n<style>.wp-block-kadence-advancedheading.kt-adv-heading14_2654be-96, .wp-block-kadence-advancedheading.kt-adv-heading14_2654be-96[data-kb-block=\"kb-adv-heading14_2654be-96\"]{text-align:center;font-size:20px;font-style:normal;font-family:var( --global-body-font-family, inherit );}.wp-block-kadence-advancedheading.kt-adv-heading14_2654be-96 mark.kt-highlight, .wp-block-kadence-advancedheading.kt-adv-heading14_2654be-96[data-kb-block=\"kb-adv-heading14_2654be-96\"] mark.kt-highlight{font-style:normal;color:#f76a0c;-webkit-box-decoration-break:clone;box-decoration-break:clone;padding-top:0px;padding-right:0px;padding-bottom:0px;padding-left:0px;}<\/style>\n<p class=\"kt-adv-heading14_2654be-96 wp-block-kadence-advancedheading\" data-kb-block=\"kb-adv-heading14_2654be-96\"><strong>pour retoucher votre \u00e9crit en toute l\u00e9gitimit\u00e9<\/strong><\/p>\n\n\n<style>.wp-block-kadence-advancedbtn.kb-btns14_c115a4-d7{gap:var(--global-kb-gap-xs, 0.5rem );justify-content:center;align-items:center;}.kt-btns14_c115a4-d7 .kt-button{font-weight:normal;font-style:normal;}.kt-btns14_c115a4-d7 .kt-btn-wrap-0{margin-right:5px;}.wp-block-kadence-advancedbtn.kt-btns14_c115a4-d7 .kt-btn-wrap-0 .kt-button{color:#555555;border-color:#555555;}.wp-block-kadence-advancedbtn.kt-btns14_c115a4-d7 .kt-btn-wrap-0 .kt-button:hover, .wp-block-kadence-advancedbtn.kt-btns14_c115a4-d7 .kt-btn-wrap-0 .kt-button:focus{color:#ffffff;border-color:#444444;}.wp-block-kadence-advancedbtn.kt-btns14_c115a4-d7 .kt-btn-wrap-0 .kt-button::before{display:none;}.wp-block-kadence-advancedbtn.kt-btns14_c115a4-d7 .kt-btn-wrap-0 .kt-button:hover, .wp-block-kadence-advancedbtn.kt-btns14_c115a4-d7 .kt-btn-wrap-0 .kt-button:focus{background:#444444;}<\/style>\n<div class=\"wp-block-kadence-advancedbtn kb-buttons-wrap kb-btns14_c115a4-d7\"><style>ul.menu .wp-block-kadence-advancedbtn .kb-btn14_46f604-9a.kb-button{width:initial;}.wp-block-kadence-advancedbtn .kb-btn14_46f604-9a.kb-button{color:var(--global-palette3, #1A202C);background:#fac941;font-size:17px;border-top:5px solid var(--global-palette4, #2D3748);border-right:5px solid var(--global-palette4, #2D3748);border-bottom:5px solid var(--global-palette4, #2D3748);border-left:5px solid var(--global-palette4, #2D3748);margin-top:4px;margin-bottom:16px;}.wp-block-kadence-advancedbtn .kb-btn14_46f604-9a.kb-button:hover, .wp-block-kadence-advancedbtn .kb-btn14_46f604-9a.kb-button:focus{background:var(--global-palette8, #F7FAFC);border-top:5px solid var(--global-palette4, #2D3748);border-right:5px solid var(--global-palette4, #2D3748);border-bottom:5px solid var(--global-palette4, #2D3748);border-left:5px solid var(--global-palette4, #2D3748);}@media all and (max-width: 1024px){.wp-block-kadence-advancedbtn .kb-btn14_46f604-9a.kb-button{border-top:5px solid var(--global-palette4, #2D3748);border-right:5px solid var(--global-palette4, #2D3748);border-bottom:5px solid var(--global-palette4, #2D3748);border-left:5px solid var(--global-palette4, #2D3748);}}@media all and (max-width: 1024px){.wp-block-kadence-advancedbtn .kb-btn14_46f604-9a.kb-button:hover, .wp-block-kadence-advancedbtn .kb-btn14_46f604-9a.kb-button:focus{border-top:5px solid var(--global-palette4, #2D3748);border-right:5px solid var(--global-palette4, #2D3748);border-bottom:5px solid var(--global-palette4, #2D3748);border-left:5px solid var(--global-palette4, #2D3748);}}@media all and (max-width: 767px){.wp-block-kadence-advancedbtn .kb-btn14_46f604-9a.kb-button{border-top:5px solid var(--global-palette4, #2D3748);border-right:5px solid var(--global-palette4, #2D3748);border-bottom:5px solid var(--global-palette4, #2D3748);border-left:5px solid var(--global-palette4, #2D3748);}.wp-block-kadence-advancedbtn .kb-btn14_46f604-9a.kb-button:hover, .wp-block-kadence-advancedbtn .kb-btn14_46f604-9a.kb-button:focus{border-top:5px solid var(--global-palette4, #2D3748);border-right:5px solid var(--global-palette4, #2D3748);border-bottom:5px solid var(--global-palette4, #2D3748);border-left:5px solid var(--global-palette4, #2D3748);}}<\/style><a class=\"kb-button kt-button button kb-btn14_46f604-9a kt-btn-size-standard kt-btn-width-type-auto kb-btn-global-fill  kt-btn-has-text-true kt-btn-has-svg-false  wp-block-kadence-singlebtn\" href=\"https:\/\/ft-correction.fr\/?page_id=77\"><span class=\"kt-btn-inner-text\">En savoir plus<\/span><\/a><\/div>\n<\/div><\/div>\n\n<\/div><\/div>\n\n\n<p><\/p>\n","protected":false},"excerpt":{"rendered":"<p>Mon profil mon \u00e9volution professionnelle ou ce qui m\u2019a amen\u00e9e \u00e0 choisir ce m\u00e9tier Ma formation au m\u00e9tier de correctrice pour retoucher votre \u00e9crit en toute l\u00e9gitimit\u00e9<\/p>\n","protected":false},"author":1,"featured_media":0,"parent":0,"menu_order":4,"comment_status":"closed","ping_status":"closed","template":"","meta":{"_kad_post_transparent":"","_kad_post_title":"hide","_kad_post_layout":"","_kad_post_sidebar_id":"","_kad_post_content_style":"","_kad_post_vertical_padding":"","_kad_post_feature":"","_kad_post_feature_position":"","_kad_post_header":false,"_kad_post_footer":false,"_kad_post_classname":"","footnotes":""},"class_list":["post-14","page","type-page","status-publish","hentry"],"_links":{"self":[{"href":"https:\/\/ft-correction.fr\/index.php?rest_route=\/wp\/v2\/pages\/14","targetHints":{"allow":["GET"]}}],"collection":[{"href":"https:\/\/ft-correction.fr\/index.php?rest_route=\/wp\/v2\/pages"}],"about":[{"href":"https:\/\/ft-correction.fr\/index.php?rest_route=\/wp\/v2\/types\/page"}],"author":[{"embeddable":true,"href":"https:\/\/ft-correction.fr\/index.php?rest_route=\/wp\/v2\/users\/1"}],"replies":[{"embeddable":true,"href":"https:\/\/ft-correction.fr\/index.php?rest_route=%2Fwp%2Fv2%2Fcomments&post=14"}],"version-history":[{"count":21,"href":"https:\/\/ft-correction.fr\/index.php?rest_route=\/wp\/v2\/pages\/14\/revisions"}],"predecessor-version":[{"id":968,"href":"https:\/\/ft-correction.fr\/index.php?rest_route=\/wp\/v2\/pages\/14\/revisions\/968"}],"wp:attachment":[{"href":"https:\/\/ft-correction.fr\/index.php?rest_route=%2Fwp%2Fv2%2Fmedia&parent=14"}],"curies":[{"name":"wp","href":"https:\/\/api.w.org\/{rel}","templated":true}]}}